= 154. What is the greatest common divisor of 12 and j?
12
Let r(i) = 16*i - 40. Let u be r(3). Suppose -u + 0 = -z. What is the greatest common divisor of 12 and z?
4
Suppose -116*w - 103*w + 115189 + 281639 = 0. Calculate the highest common divisor of 168 and w.
12
Let t(h) = -h**3 + 12*h**2 + 250*h + 126. Let m be t(23). What is the highest common divisor of 2983 and m?
19
Let j(r) = 44*r - 65. Let y be j(-8). Let w = y + 721. What is the greatest common divisor of 19 and w?
19
Suppose -3*y = -143*z + 140*z - 3129, 2*z = 8. What is the highest common factor of y and 3?
3
Let m(x) = 850*x + 5685. Let d be m(-6). Calculate the greatest common divisor of 1260 and d.
45
Let h be 80/((1/(-3))/((-578)/51)). What is the highest common divisor of 102 and h?
34
Let a = -9290 - -9323. Calculate the highest common factor of 737 and a.
11
Suppose 5*k = 2514 + 3546. What is the greatest common factor of 192 and k?
12
Let p be (-4)/70 - (-73)/((-35770)/(-12768)). Suppose 0*r = r - 52. Calculate the greatest common divisor of p and r.
26
Let i be (-924)/(-98) - (10/7 - 2). Suppose -u - 5*s = 3, 5*s + 21 = 3*u + i. Calculate the highest common factor of u and 38.
2
Let c = -3513 - -3553. Calculate the greatest common divisor of c and 55.
5
Let f be (0 + 1)/((-1)/(-45)). Let a(c) = -30*c - 1041. Let q be a(-35). What is the greatest common divisor of f and q?
9
Let x(v) = 2*v**2 - 67*v + 98. Let o be x(33). What is the highest common divisor of o and 351?
13
Suppose j - 2*j = 3*i - 663, 4*j + 5*i - 2645 = 0. Suppose 5*c - j = -5*t, 4*c - 15 = 5*t - 684. Calculate the greatest common factor of t and 38.
19
Let k be (4/(-2))/(-5 - -3). Let g(h) = -6*h - 2. Let v be g(-1). Suppose -17 = -5*l + 3*i, -l + v = 3*i - 3. What is the highest common factor of k and l?
1
Suppose -5*h - 426 = -21. Let r = 86 + h. What is the highest common factor of 25 and r?
5
Suppose -44*v + 83901 = 6*v - 15899. What is the greatest common factor of v and 8?
4
Let d(w) = 3*w + 8*w + 3*w - 17*w - 21. Let z be d(-9). Suppose 7*m - 10*m = -24. Calculate the highest common factor of z and m.
2
Let b(s) = -4*s**3 - 8*s**2 - s + 14. Let i be b(-5). Suppose 465 = 12*l + 117. Calculate the highest common factor of l and i.
29
Suppose -680*c + 685*c = 2*d + 598, 205 = 2*c + 3*d. Suppose -10 + 58 = 4*v. Calculate the highest common divisor of v and c.
4
Let i = -135 - -245. Suppose -c = 2*c, -5*d + i = 5*c. Suppose -172*m + 198 = -169*m. Calculate the greatest common factor of m and d.
22
Let y(u) = u**2 + 371*u + 5955. Let z be y(0). Calculate the highest common factor of 45 and z.
15
Let m be 51*((-56)/12 + 4). Let o be m/(-4) + (10 - (-152)/(-16)). Suppose -4*f - 13 = -121. What is the greatest common divisor of o and f?
9
Let t be (8 - -2)*(-2 - 17/2). Let m = t - -257. Suppose -m + 52 = -5*h. What is the greatest common factor of h and 160?
20
Suppose -2*s + 15*r + 200 = 17*r, -4*s - 2*r = -398. Let q be 585/27 - (0 + (-2)/6). What is the highest common factor of q and s?
11
Let v be (-747)/27 - 1/3. Let s be ((-165)/21 + -5)/(6/v). Calculate the highest common divisor of 210 and s.
30
Let v = 27732 - 27688. Calculate the greatest common divisor of v and 8129.
11
Let n = -356 + 356. Suppose -4*x + 7*x = 12, n = -o + x + 56. Calculate the highest common factor of 228 and o.
12
Suppose 4*u = 6*i - 7*i - 762, 2*u = 4*i + 2994. Let t be (-8)/10*i/60. What is the highest common divisor of t and 65?
5
Suppose 0 = -11*u + 10*u - 7, -2*u = 5*d - 126. Calculate the greatest common factor of 3598 and d.
14
Let g(b) = 39*b + 919. Let h be g(-21). What is the greatest common divisor of 4240 and h?
20
Suppose 2*d = 2*u - 228, 8*u - 12*u = -5*d - 458. What is the highest common factor of 812 and u?
28
Suppose -193*w + 138*w + 91020 + 53245 = 0. Calculate the highest common factor of w and 244.
61
Suppose -8*z - 2 + 26 = 0, -3*p + 12 = z. Suppose 4*s + 5 + 7 = 4*b, -2*s - 10 = -4*b. Let t = b + -1. What is the greatest common factor of t and p?
1
Let i be 0 - (1 + 0)*3*-18. Let k = -37 + 42. Suppose 0 = 5*j - 4*b - 70, -k*j + b = -42 - 43. What is the greatest common factor of i and j?
18
Let s be 2013/(-427)*(-1)/(2/14). What is the highest common factor of s and 231?
33
Suppose -5*b + 2*l = -188, -5*b + 6*b + 3*l - 41 = 0. Suppose -b*k + 2211 = -5*k. Calculate the highest common factor of 469 and k.
67
Let s be 18/(-8) - (-2)/8. Let l be (-1)/(s - (-51)/26). Let j = -28695 + 28773. Calculate the greatest common factor of j and l.
26
Suppose 2*m + 2 = 20. Let f = 12 - m. Suppose 3*z = 2*l - 51, 4*z = 3*l + 2*l - 145. What is the highest common factor of l and f?
3
Suppose 3*s + 191 + 133 = 0. Let n be (-1)/(-4) + s/(-16). Suppose n*i - 12*i = -880. Calculate the highest common factor of 16 and i.
16
Suppose 3*h - 2*g = -66, 0 = 5*h - 5*g + 95 + 10. Let w = 81 + h. Let s be (-1064)/(-98)*7/2. What is the greatest common divisor of s and w?
19
Suppose -z = -5*z - j + 676, 0 = 2*j - 8. Let l be (-106689)/(-366) + (75/6)/5. Calculate the highest common divisor of l and z.
42
Let i(u) = u**2 + 22*u + 3. Let y be i(-22). Suppose -4*c + 209 = y*f, -3*f + 3*c - 6 + 243 = 0. Calculate the greatest common divisor of f and 135.
15
Let a be 2/(-23) - (-14732)/667. Let v(f) = -9*f + 1. Let m be v(-2). Let i = a - m. Calculate the highest common factor of 9 and i.
3
Let l be (10/5)/((-2)/(-28)). Let z(q) = -3*q**3 - 13*q**2 - 20*q - 98. Let u be z(-7). Calculate the greatest common factor of l and u.
14
Let z(n) = 3*n + 92. Let d(v) = -v - 46. Let j(u) = -13*d(u) - 6*z(u). Let c be j(8). What is the highest common factor of 114 and c?
6
Let n(u) = -15200*u + 337. Let a be n(-5). Calculate the greatest common divisor of 23 and a.
23
Let o(z) = 129*z**2 + 1. Let m be o(-1). Let s = 205 - m. Suppose 0 = 3*k - 6, -5*r + 2*k = s - 421. Calculate the greatest common divisor of r and 28.
14
Suppose 0 = -2*x - 1986 + 2328. Calculate the greatest common divisor of 399 and x.
57
Suppose 20 = -4*j, -t + 6*t = -5*j - 220. Let h = -6478 + 6441. Let u = h - t. What is the greatest common factor of 6 and u?
2
Let m = -2 + 5. Suppose -5*l = -m - 87. Let n(t) = t**2 - 88*t + 569. Let r be n(7). Calculate the highest common factor of l and r.
2
Let l be (-22 - (-580)/(-8))*(-24)/14. What is the greatest common divisor of 1809 and l?
27
Let c = -1 + 5. Let d = 13659 + -13641. What is the greatest common divisor of c and d?
2
Suppose 23*d - 22*d = -9*t + 44, -3*d + 72 = -3*t. What is the highest common divisor of d and 117?
13
Let t be (-6)/87 + (-515742)/(-87). Calculate the greatest common divisor of t and 342.
114
Let j(r) = 5 - 58*r**3 - 3*r - 3 + 53*r**3 + r**2. Let d be j(1). Let c = d + 7. What is the highest common divisor of c and 6?
2
Let l = 63 - 13. Suppose -9*q = -2 + 1163. Let m be (-35)/(-25) - (-1)/(-15)*q. Calculate the highest common factor of l and m.
10
Let o be (-55 + 1)*(-15)/150*5. What is the greatest common factor of o and 1?
1
Let b be ((-1)/9)/(-1) - 3095/(-9). Let p = 519 - b. What is the greatest common factor of 7 and p?
7
Let v(d) = 6*d**2 - 8*d - 922. Let o be v(19). What is the greatest common factor of 462 and o?
42
Let g(v) = 2*v + 3 + 50 - 20*v**3 + 19*v**3 - 23*v**2. Let r be g(-23). What is the highest common divisor of r and 224?
7
Suppose -19*w + 3400 = -6375 - 1910. What is the highest common divisor of 1148 and w?
41
Suppose -33 = 4*a + 2*d - 279, 5*d - 135 = -2*a. What is the greatest common divisor of a and 564?
12
Let f(r) = -3*r - 34. Let v be f(-16). Let b = 9 + 48. Let o be b/76 - (-274)/8. What is the greatest common factor of v and o?
7
Let i(w) = -2*w**2 - w - 3. Let m be i(-3). Let d = m + 39. Suppose 5*c - 5*l = -5127 + 5097, 3*c - 2*l = -9. What is the highest common divisor of c and d?
3
Suppose -3*a + 5 + 4 = 0. Suppose -a = -f + 1. Suppose 5*i + f*i = 108. Calculate the greatest common factor of 60 and i.
12
Suppose 4*t + 20 = 0, t + 1123 = 3*a - 967. Let x = a + -647. What is the highest common factor of x and 6?
6
Suppose -470 = -2*l - 244 + 698. Calculate the highest common divisor of 10032 and l.
66
Let w(v) = 173*v**2 - 50*v + 96. Let k be w(2). What is the greatest common divisor of k and 946?
86
Let k = 1143 - -42. What is the greatest common divisor of 105 and k?
15
